10 is divided by 413.
15
What is the remainder when 14366 is divided by 23?
14
Calculate the remainder when 413 is divided by 35.
28
Calculate the remainder when 43749 is divided by 880.
629
Calculate the remainder when 650883 is divided by 498.
495
What is the remainder when 71809 is divided by 764?
757
Calculate the remainder when 185875 is divided by 18586.
15
Calculate the remainder when 512456 is divided by 13.
9
What is the remainder when 7775 is divided by 2570?
65
What is the remainder when 519 is divided by 431?
88
Calculate the remainder when 156140 is divided by 5036.
24
What is the remainder when 264879 is divided by 262?
259
What is the remainder when 53622 is divided by 155?
147
What is the remainder when 201232 is divided by 33538?
4
What is the remainder when 208105 is divided by 104049?
7
Calculate the remainder when 29250 is divided by 49.
46
What is the remainder when 250377 is divided by 130?
127
What is the remainder when 8104 is divided by 1154?
26
Calculate the remainder when 13469 is divided by 499.
495
What is the remainder when 5080 is divided by 53?
45
What is the remainder when 45820 is divided by 181?
27
What is the remainder when 86688 is divided by 21668?
16
What is the remainder when 382683 is divided by 127555?
18
What is the remainder when 8039 is divided by 258?
41
Calculate the remainder when 26216 is divided by 2601.
206
What is the remainder when 65871 is divided by 366?
357
Calculate the remainder when 3388 is divided by 76.
44
What is the remainder when 59327 is divided by 378?
359
What is the remainder when 2455 is divided by 258?
133
Calculate the remainder when 152048 is divided by 452.
176
What is the remainder when 2814 is divided by 164?
26
What is the remainder when 24785 is divided by 112?
33
Calculate the remainder when 3522 is divided by 124.
50
Calculate the remainder when 8271 is divided by 1180.
11
Calculate the remainder when 78113 is divided by 84.
77
What is the remainder when 4140 is divided by 195?
45
Calculate the remainder when 286745 is divided by 19.
16
Calculate the remainder when 25969 is divided by 1623.
1
What is the remainder when 77630 is divided by 37?
4
Calculate the remainder when 79803 is divided by 31.
9
What is the remainder when 950925 is divided by 8?
5
Calculate the remainder when 446856 is divided by 223428.
0
Calculate the remainder when 15035 is divided by 3.
2
Calculate the remainder when 66785 is divided by 12.
5
Calculate the remainder when 33322 is divided by 1041.
10
What is the remainder when 37747 is divided by 24?
19
What is the remainder when 3748214 is divided by 5?
4
What is the remainder when 1462 is divided by 4?
2
Calculate the remainder when 86593 is divided by 13.
0
What is the remainder when 532020 is divided by 111?
108
What is the remainder when 1977 is divided by 396?
393
Calculate the remainder when 1027 is divided by 935.
92
Calculate the remainder when 391853 is divided by 13994.
21
Calculate the remainder when 6150 is divided by 674.
84
What is the remainder when 13974 is divided by 235?
109
Calculate the remainder when 21120 is divided by 21.
15
Calculate the remainder when 10147 is divided by 188.
183
What is the remainder when 7295 is divided by 214?
19
Calculate the remainder when 9114 is divided by 480.
474
Calculate the remainder when 10965 is divided by 19.
2
Calculate the remainder when 179832 is divided by 26.
16
Calculate the remainder when 36438 is divided by 1214.
18
Calculate the remainder when 113981 is divided by 765.
761
What is the remainder when 1280320 is divided by 371?
370
What is the remainder when 346108 is divided by 55?
48
What is the remainder when 1214768 is divided by 4999?
11
Calculate the remainder when 3869 is divided by 443.
325
Calculate the remainder when 38834 is divided by 9.
8
Calculate the remainder when 3205 is divided by 1187.
831
What is the remainder when 49279 is divided by 601?
598
Calculate the remainder when 30796 is divided by 400.
396
Calculate the remainder when 5894 is divided by 1284.
758
What is the remainder when 1954591 is divided by 1753?
1749
What is the remainder when 9236 is divided by 231?
227
Calculate the remainder when 7815 is divided by 726.
555
What is the remainder when 17985 is divided by 5877?
354
What is the remainder when 67390 is divided by 96?
94
Calculate the remainder when 94679 is divided by 5917.
7
What is the remainder when 65927 is divided by 4120?
7
Calculate the remainder when 534635 is divided by 9.
8
Calculate the remainder when 12674 is divided by 195.
194
What is the remainder when 18013 is divided by 198?
193
Calculate the remainder when 27746 is divided by 92.
54
Calculate the remainder when 98573 is divided by 10945.
68
Calculate the remainder when 93182 is divided by 91.
89
Calculate the remainder when 5271 is divided by 352.
343
Calculate the remainder when 8385 is divided by 548.
165
Calculate the remainder when 218713 is divided by 43738.
23
Calculate the remainder when 5682 is divided by 16.
2
What is the remainder when 51562 is divided by 8587?
40
Calculate the remainder when 4844 is divided by 4840.
4
Calculate the remainder when 8169 is divided by 122.
117
Calculate the remainder when 359 is divided by 246.
113
What is the remainder when 18000 is divided by 544?
48
What is the remainder when 2563 is divided by 318?
19
What is the remainder when 2739 is divided by 12?
3
What is the remainder when 988 is divided by 225?
88
What is the remainder when 1836 is divided by 705?
426
Calculate the remainder when 10079 is divided by 112.
111
What is the remainder when 30976 is divided by 385?
176
What is the remainder when 4339 is divided by 120?
19
Calculate the remainder when 120894 is divided by 16.
14
What is the remainder when 7669 is divided by 256?
245
Calculate the remainder when 986 is divided by 33.
29
What is the remainder when 7533 is divided by 356?
57
What is the remainder when 3426 is divided by 426?
18
Calculate the remainder when 814937 is divided by 142.
141
Calculate the remainder when 118413 is divided by 15.
3
Calculate the remainder when 114518 is divided by 114468.
50
Calculate the remainder when 196799 is divided by 63.
50
What is the remainder when 1925 is divided by 174?
11
What is the remainder when 19536 is divided by 13?
10
What is the remainder when 52482 is divided by 1458?
1452
What is the remainder when 32361 is divided by 12?
9
Calculate the remainder when 21869 is divided by 162.
161
Calculate the remainder when 1567 is divided by 104.
7
Calculate the remainder when 15682 is divided by 511.
352
Calculate the remainder when 12903 is divided by 1290.
3
Calculate the remainder when 279450 is divided by 560.
10
Calculate the remainder when 1905 is divided by 13.
7
Calculate the remainder when 1407999 is divided by 5.
4
What is the remainder when 9355 is divided by 156?
151
Calculate the remainder when 3910 is divided by 644.
46
Calculate the remainder when 14363 is divided by 373.
189
Calculate the remainder when 46715 is divided by 2747.
16
Calculate the remainder when 196299 is divided by 273.
12
Calculate the remainder when 5989 is divided by 49.
11
What is the remainder when 661740 is divided by 73?
68
What is the remainder when 580 is divided by 112?
20
What is the remainder when 40524 is divided by 3375?
24
What is the remainder when 11596 is divided by 40?
36
What is the remainder when 92154 is divided by 31?
22
Calculate the remainder when 27383 is divided by 61.
55
What is the remainder when 78132 is divided by 7807?
62
What is the remainder when 10273 is divided by 136?
73
Calculate the remainder when 5407 is divided by 896.
31
Calculate the remainder when 10383 is divided by 185.
23
What is the remainder when 62428 is divided by 9?
4
Calculate the remainder when 61231 is divided by 108.
103
Calculate the remainder when 1120790 is divided by 80056.
6
Calculate the remainder when 422332 is divided by 1487.
24
Calculate the remainder when 141074 is divided by 165.
164
Calculate the remainder when 2472 is divided by 163.
27
What is the remainder when 161607 is divided by 4039?
47
What is the remainder when 71876 is divided by 489?
482
What is the remainder when 38229 is divided by 3822?
9
Calculate the remainder when